(4).
-6
Let d(i) = -i - 11. Let t(r) = 5 - 3 + 4 - 2. Let b(g) = -1. Let j(o) = -2*b(o) - t(o). Let k(h) = 2*d(h) - 11*j(h). What is k(-5)?
10
Let t(y) = y + 1. Suppose 0 = 5*h - 2*m + 98, -h + m - 22 = -0*h. Let j(l) = -6*l - 18. Let c(v) = h*t(v) - j(v). What is c(-1)?
12
Let b(s) = -10*s**2 + 21*s. Let o be b(2). Let a(y) be the first derivative of -9/2*y**o - 7*y - 1/3*y**3 + 4. Give a(-6).
11
Suppose 4*c = -3*v - 25, 19 = -2*c + 4*v + 23. Let z(x) = 2*x**3 + 9*x**2 + 4*x - 5. Calculate z(c).
-5
Let y(n) = n**2 + 6*n - 9. Suppose -k + 10 = -x, -3*x = -k + 5*k + 65. Let g be (9*(-5)/x)/1. Suppose -g*h - h = 28. What is y(h)?
-2
Let w(c) be the first derivative of -13 + c + 0*c**2 - 8/3*c**3. What is w(-1)?
-7
Let y(d) = 3*d**2 - 6*d - 1. Let t be y(3). Let h(p) = -p - 9. Let i be h(t). Let m = -12 - i. Let q(u) = -u**3 + 6*u**2 - 5*u - 2. Give q(m).
-2
Let w(z) = -4*z**2 - z**3 + 9 + 2*z - 13*z**2 - z + 9*z**2 - 6*z. Let q = -9 - -2. Calculate w(q).
-5
Let n = 37 - 34. Let t(f) = 4*f**n + 5*f**3 + 15*f**3 - 10*f**3. Give t(1).
14
Let i be (-15)/(-6)*(-6)/5. Let j(r) be the second derivative of -r**4/24 - 5*r**3/6 - r**2 + 4*r. Let l(f) be the first derivative of j(f). What is l(i)?
-2
Let i(z) = 2*z**2 - 2. Suppose 0 = -3*c - 62 + 92. Suppose 3 = 2*u - u. Suppose 0 = -3*n - 3*j - 6, -u*n = -j - c. What is i(n)?
6
Let a(t) = -72*t + 37*t - t**3 - 2 + 9*t**2 + 58*t + 16 + 2*t**3. Determine a(-5).
-1
Let k(i) = -i - 1. Let w(l) = -2*l**3 + 2*l**2 - 2*l - 4. Let b be 7 + -6*2/4. Let j(t) = b*k(t) - w(t). Let g = -76 + 78. Calculate j(g).
4
Let p(d) = -d - 9. Let b be 3/(-24)*2*-4*-11. Give p(b).
2
Suppose 5*k + 35 = 4*p, 0 = 3*k + 2*p - 5*p + 18. Let j = 17 + k. Let w(o) = o**2 - 8*o + 9. Calculate w(j).
-3
Let y(p) = 3*p - 15. Let q be y(6). Let x(m) = -33*m**2 - 3 + 15*m**2 + 8*m**2 + 14*m**2 - m**q. Calculate x(3).
6
Let z = 71 - 68. Let i be (-21)/(-6) + (z/2)/3. Let h(w) = -w**3 + 5*w**2 - 5*w - 2. Calculate h(i).
-6
Suppose 6*r + 12*r - 36 = 0. Let k(y) = 17*y. Calculate k(r).
34
Let m(u) be the second derivative of -u**3 - 59*u**2/2 - 5*u - 2. Calculate m(-9).
-5
Let p(w) = 13*w**2 + 4*w - 10. Let v(q) = 17*q**2 + 6*q - 12. Let g(c) = 4*p(c) - 3*v(c). Calculate g(4).
4
Let y(n) = 396*n**2 - 2*n**3 - n - 2*n**3 - 3 + 5*n**3 - 402*n**2 - 3. What is y(5)?
-36
Let w(d) = -d**2 + 5*d - 6. Let m be (16 - 0)*1/4. Give w(m).
-2
Suppose 37 = -5*p - 2*s, 36 = -5*p - 4*s + 3*s. Let g(w) = -3*w - 18. Give g(p).
3
Let f = -537 - -535. Let h(k) = -2*k**2 - 2*k - 3. Let m(j) = -2*j + j - 4 + 3. Let t(l) = h(l) - 2*m(l). Give t(f).
-9
Let i(z) = -6*z**3 + 2*z**2 - 2*z - 3. Let x = -274 - -273. What is i(x)?
7
Let f(u) = 2*u**2 + 3*u + 1. Suppose 129 = 19*b + 24*b. What is f(b)?
28
Let g be (11/(2/(-4)*-1))/(-2). Let l(y) = -y**3 - 10*y**2 + 8*y - 27. Give l(g).
6
Suppose 2*b + 739 + 549 = 0. Let d be b/112 + 2/(-8). Let f(p) be the third derivative of -p**6/120 - p**5/10 - 7*p**3/6 - 4*p**2. What is f(d)?
-7
Let m = 6 + -7. Let w = 2 + -2. Let b = w + m. Let z(r) = 11*r**3 + 1. What is z(b)?
-10
Let m(s) = 1 + 3*s + 8*s - 15*s. What is m(-1)?
5
Let z be 14/1*20/(-8). Let f = -29 - z. Let s(j) be the second derivative of -j**4/12 + j**3 - 2*j. Determine s(f).
0
Let k(t) = -t**3 - 4*t**2 - 9*t + 7. Let j(l) = -l**3 + l**2 - l + 1. Let h(r) = -2*j(r) + k(r). Let w = -32 + 33. Let p be (42*w/2)/3. Give h(p).
5
Let d(k) = -k**3 + 5*k**2 - 3*k. Let s(p) = -1 + 7*p - 3 - 5*p. Let f(l) = 3*l - 3. Let a be f(2). Let r be s(a). Give d(r).
6
Let x(h) be the second derivative of h**3/2 - 8*h**2 + 8*h - 2. Give x(9).
11
Let f(s) = -3*s**3 + s**2 + s - 1. Let t be (-81)/12*(-24)/9. Let g = t + -14. Let n(k) = -2*k + 9. Let i be n(g). Determine f(i).
-2
Suppose -21 + 9 = -3*q. Let g(k) = -2*k + 2. What is g(q)?
-6
Let m(r) = 21*r - 1. Let y be 4 + (6 + 3)/3. Suppose -3*n - 4 = -y*n. Calculate m(n).
20
Let k(i) = -i**2 + i - 1. Let s(h) = -2*h**2 - 9*h - 8. Let x(l) = -k(l) + s(l). Give x(-8).
9
Let o(n) = -23*n**2 - 6*n - 4. Let l(j) = -6*j**2 - 2*j - 1. Let a(h) = -4*l(h) + o(h). Let s(t) = -t + 2. Let z be s(0). Calculate a(z).
8
Let h(n) = -3*n - 38 + 88 - 2*n - 50. Let m = 5 - 3. Determine h(m).
-10
Let r(m) = -4*m**3 - 8*m**2 - 4*m + 5. Let k(v) = 5*v**3 + 9*v**2 + 5*v - 6. Let z(a) = 6*k(a) + 7*r(a). What is z(2)?
11
Suppose 8*u - 10 - 38 = 0. Let x(w) = w**3 - 6*w**2 + w. What is x(u)?
6
Let k(p) = -7*p - 7*p - 5*p + 13*p. Suppose 16 = -o + 5*f, 5*o - 3 = -f - 5. What is k(o)?
6
Suppose -11*o + o = -50. Suppose 3*f = -o*q + 29, 3*f = 9 - 0. Let m(r) = -2*r**2 + 5*r + 3. Give m(q).
-9
Let r(n) = -5*n**3 + 2*n**2 + 2*n + 6. Let f(v) = -1. Let l(o) = -5*f(o) - r(o). Let h = 10 + -38. Let p = 27 + h. Determine l(p).
-6
Suppose -5*k - 5 = -4*k. Let w(v) = 7*v**2 + 12*v + 133. Let i(s) = -13*s**2 - 23*s - 245. Let c(j) = -6*i(j) - 11*w(j). What is c(k)?
2
Let s = 5 + -2. Suppose -4*o - s*k + 16 = 0, 3*o + 6*k - k = 23. Suppose -5*a - o = 2*v - 10, 0 = 3*v - 5*a - 1. Let t(i) = 6*i - 3. Determine t(v).
9
Let g(y) = -y**3 + 6*y**2 - 7*y + 6. Let z be (-5)/((-5)/(-3 - -13)). Suppose -9*v + 4*v + 4*a = -45, 2*a = -4*v + z. What is g(v)?
-4
Let t(k) = 5*k**3 - 10*k + 13. Let h(c) = c**3 - c. Let u(f) = -5*f**3 + f**2 + 5*f + 1. Let g(s) = 6*h(s) + u(s). Let w(a) = -6*g(a) + t(a). Calculate w(-5).
2
Let p(s) = -2*s - 3. Let t be (-10 + 1)*(-6)/(-9). Let y be ((-36)/(-27))/(1/t). Let z = y + 2. Determine p(z).
9
Let o(y) = 7*y**2 + 7*y - 7. Let n(h) = -4*h**2 - 3*h + 3. Let m = 78 + -85. Let j(c) = m*n(c) - 3*o(c). Suppose 1 = 3*p + 4. What is j(p)?
7
Let f(u) = -u**2 - 17*u - 3. Let b = -265 - -249. What is f(b)?
13
Let k(c) = -c - 2. Let r(l) = 2*l + 2. Let y = 23 - 20. Let u(n) = y*r(n) + 4*k(n). Determine u(-4).
-10
Let z(s) = -6*s + 9*s - 4*s + 0 - 1 - 1. What is z(6)?
-8
Let m(n) = -4*n. Suppose -5*g - 73 = 2*t, 3*g + 5*t + 23 + 17 = 0. Let s be 4 + 70/g - (-8)/(-6). What is m(s)?
8
Suppose 5*a = 3*o - 47, 2*a + o = 3*o - 22. Let x(c) = c**3 + 8*c**2 + 7*c + 2. Determine x(a).
2
Let w(r) = r**3 + 7*r**2 + 6*r + 5. Let a be 8/(-3)*(-9)/12. Suppose 0 = -a*d + 5 - 17. Give w(d).
5
Let y(v) = -9*v**2 - 18*v + 15. Let c(k) = 22*k**2 + 37*k - 29. Let p(s) = -2*c(s) - 5*y(s). Give p(-17).
0
Let q(r) = r**3 - 3*r**2 + 2*r + 1. Let a(k) = k**2 - k. Let c be (-2)/(-5)*(17 + -22). Let o(h) = c*a(h) - q(h). What is o(1)?
-1
Let t(i) = -i**3 + 10*i**2 - 7*i - 7. Let v be -3 + 34/12 + (-55)/(-6). What is t(v)?
11
Let j(f) = f**3 - 5*f**2 - 11*f + 7. Let i be j(7). Let n(p) = -2*p**2 + p**3 + p - 24 + i - 2*p**3. Give n(-3).
10
Let d(t) = -7*t**3 + 2*t**2 + 2*t. Suppose 0 = 4*a - 5*w + 70 - 41, -8 = -2*a - 2*w. Give d(a).
7
Let b(f) = -7*f**2 + 8*f - 12. Let i(p) = -6*p**2 + 7*p - 11. Let t(v) = 5*b(v) - 6*i(v). What is t(4)?
14
Let l(m) = 2*m + 8. Suppose 0 = -109*p + 91*p - 72. Calculate l(p).
0
Let i(r) = r - 2. Let c be i(0). Let d(b) = -22*b**3 - 5*b**2 - b + 1. Let a(f) = 102*f**3 + 24*f**2 + 6*f - 4. Let v(t) = 3*a(t) + 14*d(t). Give v(c).
18
Let m(w) = 2*w + 4. Let h(s) = 7*s + 3*s - 9*s - 10. Let v be h(14). Give m(v).
12
Let z be (-2)/6 - (-1349)/(-57). Let c = 19 + z. Let w(g) = g - 1. Calculate w(c).
-6
Let p(w) = 8*w - 4*w**2 - 41 + w**2 + 4*w**2 + 28 + 22. What is p(-10)?
29
Let h(c) = -c - 1. Suppose -3*k - 5*f + 29 - 9 = 0, 0 = k + 3*f - 12. Suppose -m = -2*m - w - 2, k = m + 2*w + 1. Give h(m).
2
Let q be 22/8 - (4 + -6)/8. Let f(l) = 8*l - 1. Let g(v) = 9*v - 1. Let p(x) = q*g(x) - 2*f(x). What is p(-2)?
-23
Suppose 4*y + 2*c + 30 = 0, y + 0*c - 3*c + 25 = 0. Let q = 10 + y. Let v(r) = r**3 + r**2 + r - 2. Determine v(q).
-2
Let j(m) = -m**3 + m + 5. Let a = 16 + -11. Suppose -6*v = -a*v - 18. Let g = v + -18. What is j(g)?
5
Let h(q) = 4*q + 3. Suppose 6*v - v = m + 40, 5*m = v - 152. Let a be ((-12)/30)/(2/m). Suppose -2*c - 14 = r - a*r, -4*c = -4*r + 16. Calculate h(c).
-5
Let x(a) = a + 1. Let m be x(7). Suppose -j + m = j, 22 = -d + 3*j. Let r(w) = -w**3 - 11*w**2 - 9*w + 11. Let v be r(d). Let i(o) = -6*o. Give i(v).
-6
Let c(t) = -t**3 + 1. Let k(x) = -10*x**3 - 2. Let v(w) = c(w) + k(w). Let r = 133 - 132. Give v(r).
-12
Let a(o) be the second derivative of -2*o**3/3 - 5*o**2 + 62*o. Calculate a(-7).
18
Let s(m) = -m**2 - 5*m + 8. Let q(k) = -2*k + 22